- u**5/120 - 31*u**4/12 + u**2/2 + 3*u + 2. Let l(s) be the third derivative of h(s). Give l(-1).
15
Let q(v) = -v**3 + 9*v**2 - 15*v - 10. Let i be q(7). Let n be (1 - (-19)/i) + (-936)/(-153). Let g(c) = c**2 - 8*c + 6. Determine g(n).
-6
Let x(v) = -7*v**2 + 12*v - 25. Let f(l) = -12*l**2 + 22*l - 54. Let w(k) = -4*f(k) + 7*x(k). Give w(-9).
-4
Suppose -21*u + 26*u - 2*i - 18 = 0, -3*u + 5*i + 26 = 0. Let z(w) = -61*w + 122. Determine z(u).
0
Let x(d) = 4*d**2 - 35*d - 51. Let o(z) = z**2 - 9*z - 12. Let l(u) = -9*o(u) + 2*x(u). What is l(-9)?
-174
Let f(p) = 28*p**2 + 12*p - 31. Let l(r) = -13*r**2 - 6*r + 15. Let h(z) = -6*f(z) - 13*l(z). Let s(k) = -k**2 + k. Let i(a) = -h(a) - 2*s(a). Determine i(2).
-3
Let a(k) be the third derivative of 0 + 0*k + 5/24*k**4 + 1/60*k**5 + 12*k**2 + k**3. Determine a(-5).
6
Let a(o) = -2*o**3 - 16*o**2 + 209*o + 2. Let r be a(7). Let z(x) = -2*x**2 - 6*x - 13. What is z(r)?
-33
Let g = 8669 - 8667. Let w = 10 - 8. Let i(d) = -4*d + 2*d**w + 0*d - 3*d**3 + 7*d - 3. What is i(g)?
-13
Let w(u) = -2*u**2 + u + 2. Let c(r) = 7*r**2 - 2*r - 10. Let l(f) = c(f) + 3*w(f). Let a(k) = k**2 - 4*k - 1. Let s be a(5). Give l(s).
16
Let i(s) be the third derivative of s**6/120 - s**5/6 + 3*s**4/8 - s**3/6 - 2*s**2 + 2252. Calculate i(9).
-1
Let f(h) be the second derivative of -9*h**2 - 13 - 1/6*h**3 + 2*h. Give f(-14).
-4
Suppose -115 - 65 = -20*a. Let g(j) be the third derivative of j**6/120 - 2*j**5/15 - 3*j**4/8 - 2*j**3/3 - 152*j**2. Calculate g(a).
-4
Let h(d) = -d**3 - 3*d**2 + 2*d + 5. Let m be h(-7). Let q = m + -185. Let z(s) = 4*s - 2. Calculate z(q).
6
Let b(m) = m**3 - m**2 - 2*m - 1. Let z(u) = 2*u**3 - 31*u**2 - 32*u**2 - 9*u**3 + 20 + 89*u**2 - 34*u**2. Let f(w) = -6*b(w) - z(w). Give f(-13).
-1
Let m(v) be the first derivative of -10 + 13/2*v**2 - 13*v. Let r(d) = 7*d - 7. Let u(o) = -6*m(o) + 11*r(o). Calculate u(-5).
6
Suppose 2*a + x = 3*x - 84, 4*a = -5*x - 168. Let s = 36 + a. Let h be 325/52 - s/8. Let y(r) = r**2 - 4*r. Give y(h).
21
Let l(p) = -2*p - 4. Let i be 3 + ((-4)/(-6))/(3/18). Suppose 0 = i*f - 69 + 20. Suppose f*z = 24 + 4. Determine l(z).
-12
Let a(j) = -j**3 + 8*j - 17973*j**2 - j**3 + 17982*j**2 - 9. Let d(p) = p**3 - 8*p**2 - 7*p + 8. Let m(o) = -2*a(o) - 3*d(o). Let g = -15 + 10. What is m(g)?
-6
Let i(b) = 18*b**2 + b. Suppose -z - 11 = -5*a, 7 - 1 = -z + 4*a. Let t be 2 - 3 - (z + -16). Calculate i(t).
19
Let r(w) be the second derivative of 14*w - 1/12*w**5 + w**2 - 1/6*w**4 + 1/120*w**6 - 5/6*w**3 + 0. Let u(z) be the first derivative of r(z). Calculate u(6).
7
Let z be 6/8*-6*8/(-12). Let p(h) = -2 - 3*h + 6 - z - 2. Give p(-5).
14
Let d(x) = 13*x + 20. Let t(o) = 7*o + 10. Let p(u) = -6*d(u) + 11*t(u). Let m be (((-16)/(-3))/(43/1935))/1. Let v = -247 + m. Calculate p(v).
-3
Let l = 3951 - 3951. Let a(f) = 14*f + 26. Give a(l).
26
Let x(b) = 206 - 8*b - 36*b**2 + b**3 + 42*b**2 - 233. Determine x(-6).
21
Let w = 605277 - 605272. Let h(u) = -4*u**2 + 2*u**2 - 2 - 12 + 10*u. Determine h(w).
-14
Let i(p) = p**3 - 28*p**2 + 52*p - 5. Let s be 18 + -7 + 6 + 9. What is i(s)?
-5
Let c(g) = 39*g**2 - 11*g + 13. Let k(v) = -56*v**2 + 16*v - 19. Let f(q) = -10*c(q) - 7*k(q). What is f(-2)?
15
Suppose 3*p = -0*p - 4*m + 241, p - 87 = -3*m. Let w = p - 67. Let a(n) be the second derivative of -n**5/20 + 2*n**4/3 + n**3/6 - 4*n**2 + n. Calculate a(w).
0
Let d = 3311 - 3309. Let t(v) be the first derivative of -14 + 9/2*v**d - v. Give t(-1).
-10
Suppose -24*u + 7*u = 119. Let y(w) be the second derivative of w**5/20 + 2*w**4/3 + 7*w**3/6 + w**2/2 - 7*w. Let q be y(u). Let l(h) = -4*h + 1. Give l(q).
-3
Let g(o) = 2*o**2 + 14*o - 12. Let q(b) = 72*b + 280. Let a be q(-4). Give g(a).
4
Let n(w) be the second derivative of w**4/12 + w**3/3 - w**2/2 - w + 347. Suppose -23 + 8 = -5*m, -d - 3*m = -7. Give n(d).
-1
Suppose -12 = 94*d - 0 + 176. Let p(b) = 13*b**2 + 6*b - 1. Determine p(d).
39
Let d(m) = -m**2 + 9*m + 41. Suppose 5*t - 3*b - 73 = 0, 5*t - 61 = 4*b + 13. Determine d(t).
-29
Let w(q) = -5496*q**2 - 17 + 2*q + 0*q + q + 5497*q**2. What is w(-6)?
1
Let m(p) = 3*p**2 - 6 - 2*p**2 - 88*p + 93*p. Let q(d) = -d**2 - 5*d + 7. Let v(s) = -2*m(s) - 3*q(s). Determine v(-7).
5
Let z(d) = -3*d + 1. Let x be z(3). Let n(a) = -21*a + 46. Let h(s) = 12*s - 26. Let v(q) = 9*h(q) + 5*n(q). Calculate v(x).
-28
Let c(y) = y - 12. Let s(h) be the third derivative of 0*h + 7/24*h**4 - 1/2*h**3 + 0 - 2*h**2 + 1/60*h**5. Let f be s(-8). Calculate c(f).
-7
Let s(x) be the second derivative of -x**5/60 + x**4/3 - x**3 - 17*x**2/2 - 48*x. Let f(q) be the first derivative of s(q). What is f(6)?
6
Let t be 12 + (-3)/(-6)*0/(-1). Suppose -35 + 47 = t*o. Let y(f) = f**2 + 0*f + 0*f**2 + f. Give y(o).
2
Let n be (6/8)/(29/464). Suppose -23 = -n*j + 1. Let w(o) = -2*o**2 + 2*o. Determine w(j).
-4
Let a(o) = -o**3 + 9*o**2 - 6*o - 9. Let y be (-1955)/(-230)*(-12)/(-17). Give a(y).
63
Let u(g) = -7*g**2 - 13*g + 11. Let a(i) = -3*i**2 - 6*i + 6. Let n(l) = 5*a(l) - 2*u(l). Suppose 0 = -8*r + 59 - 107. Calculate n(r).
-4
Let r(g) = g**2 + 23*g + 33. Suppose 0 = -38*o - 893 + 95. What is r(o)?
-9
Suppose 35 = 643*q - 636*q. Let s(c) = -342*c**2 + 13*c + 344*c**2 + 1 + q. Determine s(-6).
0
Let z(k) = 2 - 3*k**3 - 5*k + 1 - 5*k**2 + 2*k**3. Let x = -22928 + 22924. Determine z(x).
7
Let g = -123 - -139. Let x(d) = -12*d + 1 - 29*d**2 + g*d**2 + 14*d**2. Determine x(8).
-31
Let d(v) be the first derivative of -5*v**3/3 - 9*v**2/2 + 8*v + 1404. Calculate d(1).
-6
Let c(d) = d**2 - 12*d - 38. Let g(m) = -223*m - 12027. Let p be g(-54). What is c(p)?
7
Suppose -v = 2*v - 18. Let h(w) = -w**2 - w - 1. Let n(o) = 10*o + 11*o**2 - 6*o**2 - 3400 + 3405. Let j(b) = v*h(b) + n(b). Give j(5).
-6
Let f(t) = 3*t**3 + 1. Let c(r) = 131 - 4*r**2 - r**3 - 122 - 2*r**2 - r**2 + 8*r. Let b be c(-8). Suppose -3*p + b = -3*w, -7 - 2 = -5*w - p. What is f(w)?
4
Let r(t) = 8*t**2 - 760 - 23*t + t**3 + 295 + 458. Calculate r(3).
23
Let x(d) be the second derivative of -13*d**3/6 + 27*d**2/2 - 20*d + 16. What is x(6)?
-51
Let s(a) be the second derivative of 2*a**3/3 + 9*a**2 - 127*a + 6. Give s(-4).
2
Let b(a) = -86*a - 72. Let i(q) = -39*q - 34. Let n(t) = -5*b(t) + 11*i(t). Calculate n(13).
-1
Let g(o) = 2*o**3 - 6*o**2 - 6. Let y(w) = 38*w + 1409. Let a be y(-37). Determine g(a).
-6
Suppose 12 = 2*s + 5*c, 5*s - 2*c - 8 + 7 = 0. Let r(a) = 23*a - 4. Determine r(s).
19
Let z = -6209 - -6212. Let i(y) be the second derivative of -17*y + 2*y**2 + 0 + 1/6*y**z. Calculate i(-6).
-2
Let c(w) = -3*w**2 + 15*w + 8. Let f(y) = 4*y**2 - 15*y - 7. Let o(p) = 4*p**2 - 221*p + 58. Let m be o(55). Let d(i) = m*c(i) + 2*f(i). Determine d(15).
10
Let w(g) = g**2 - 7*g - 70. Suppose -x = 4*f - 55, -11*f + 12*f - 16 = -x. Give w(f).
8
Let u(j) = 3*j**2 - 13*j + 14. Let s(a) = -2*a**2 - 6*a + 4. Let y(d) = d**2 + 1. Let b(p) = s(p) + 3*y(p). Let x(f) = -5*b(f) + 2*u(f). Calculate x(-6).
5
Let v be (13 - 3)/(4/(-6)). Let b = v + 15. Let d(f) = 5*f + 12. Let j(x) = -3*x - 12. Let u(s) = 2*d(s) + 3*j(s). What is u(b)?
-12
Let y(s) = 465 - 2*s**3 - 9*s**2 - 12*s - 2*s**3 - 447 + 5*s**3. Let j be -2*(0 - (-15)/(-3)). What is y(j)?
-2
Let r(w) = -3*w**2 + 224*w + 300. Let u be r(76). Let f(l) = 181*l**2 - l + 0 - 182*l**2 - 2. Calculate f(u).
-14
Suppose 5*z + 390 = 2*z. Let j be z + -1 - (21 - 20). Let s be (j/(-30) + -4)*-5. Let a(g) = g**3 - 2*g - 1. Determine a(s).
-5
Let h = -757 - -361. Let n = -398 - h. Let r(p) = -6*p**2 - p. Give r(n).
-22
Let x(s) = -s**3 - 2*s**2 - 6*s**2 + 16 + 876*s - 881*s. Let h(j) = -j**2 + 7*j - 17. Let o be h(5). Let g be x(o). Let v(c) = c**2 - 2*c - 1. Calculate v(g).
-1
Let h(y) = -y**2 + 6*y + 8. Let a(g) = g**2 + g + 1. Let o(d) = d**3 - 9*d**2 - 8*d + 79. Let i(m) = 2*a(m) + o(m). Let b be i(6). Determine h(b).
-19
Let a(z) be the third derivative of -z**5/60 - z**4/24 + 13*z**3/3 - 7355*z**2. Give a(11).
-106
Let i(l) = -3 - l**2 - 5*l - 3*l + 10. Suppose 34 = 2*d - 5*y, -5*d + 5*y = -27 - 28. Let f(p) = p**2 - 12*p + 27. Let a be f(d). Give i(a).
7
Let q(d) = -d**3 - 2*d**2 - d - 1. Suppose -v = -2*v + 5, -2*m + 3*v = 5. Suppose 4*w - 30 = -m*f, 12 = -0*f - 4*f + 4*w. Give q(f).
-19
Let z(k) = 11*k - 61 + 8416*k**